 of 98091?
0
What is the hundreds digit of 561?
5
What is the tens digit of 25277?
7
What is the tens digit of 919?
1
What is the units digit of 10562?
2
What is the tens digit of 908?
0
What is the hundreds digit of 1483?
4
What is the units digit of 14983?
3
What is the tens digit of 6973?
7
What is the units digit of 377?
7
What is the tens digit of 36376?
7
What is the thousands digit of 1695?
1
What is the tens digit of 938?
3
What is the hundreds digit of 1053?
0
What is the units digit of 100?
0
What is the units digit of 13518?
8
What is the hundreds digit of 8707?
7
What is the tens digit of 5237?
3
What is the hundreds digit of 709?
7
What is the hundreds digit of 13277?
2
What is the tens digit of 41893?
9
What is the hundreds digit of 2328?
3
What is the tens digit of 1218?
1
What is the thousands digit of 8340?
8
What is the tens digit of 1936?
3
What is the thousands digit of 13664?
3
What is the thousands digit of 7980?
7
What is the tens digit of 1664?
6
What is the hundreds digit of 537?
5
What is the hundreds digit of 31818?
8
What is the thousands digit of 29792?
9
What is the units digit of 3430?
0
What is the ten thousands digit of 43753?
4
What is the tens digit of 511?
1
What is the thousands digit of 6397?
6
What is the hundreds digit of 36726?
7
What is the tens digit of 1982?
8
What is the thousands digit of 6542?
6
What is the hundreds digit of 4928?
9
What is the thousands digit of 61384?
1
What is the thousands digit of 4640?
4
What is the tens digit of 2915?
1
What is the tens digit of 74?
7
What is the tens digit of 161573?
7
What is the tens digit of 27296?
9
What is the hundreds digit of 4402?
4
What is the units digit of 18311?
1
What is the hundreds digit of 504?
5
What is the thousands digit of 6711?
6
What is the hundreds digit of 8125?
1
What is the hundreds digit of 606?
6
What is the tens digit of 699?
9
What is the tens digit of 10142?
4
What is the ten thousands digit of 91366?
9
What is the hundreds digit of 1836?
8
What is the tens digit of 1285?
8
What is the tens digit of 4970?
7
What is the hundreds digit of 7198?
1
What is the units digit of 30744?
4
What is the tens digit of 57?
5
What is the tens digit of 599?
9
What is the hundreds digit of 3053?
0
What is the tens digit of 5186?
8
What is the hundreds digit of 8108?
1
What is the hundreds digit of 2292?
2
What is the units digit of 1785?
5
What is the units digit of 9225?
5
What is the units digit of 660?
0
What is the units digit of 920?
0
What is the hundreds digit of 5990?
9
What is the tens digit of 342?
4
What is the ten thousands digit of 35515?
3
What is the thousands digit of 1125?
1
What is the thousands digit of 6507?
6
What is the ten thousands digit of 51291?
5
What is the units digit of 1663?
3
What is the units digit of 234?
4
What is the tens digit of 3913?
1
What is the units digit of 4382?
2
What is the units digit of 5398?
8
What is the tens digit of 259?
5
What is the tens digit of 666?
6
What is the units digit of 69?
9
What is the tens digit of 85?
8
What is the units digit of 1807?
7
What is the thousands digit of 38663?
8
What is the ten thousands digit of 79301?
7
What is the tens digit of 408?
0
What is the tens digit of 44958?
5
What is the tens digit of 13860?
6
What is the hundreds digit of 1368?
3
What is the thousands digit of 4727?
4
What is the tens digit of 841?
4
What is the units digit of 3154?
4
What is the hundreds digit of 3397?
3
What is the hundreds digit of 970?
9
What is the hundreds digit of 55071?
0
What is the units digit of 6407?
7
What is the hundreds digit of 923?
9
What is the units digit of 1155?
5
What is the tens digit of 5356?
5
What is the tens digit of 168?
6
What is the thousands digit of 42575?
2
What is the units digit of 2649?
9
What is the units digit of 2678?
8
What is the hundreds digit of 1665?
6
What is the thousands digit of 3531?
3
What is the tens digit of 5465?
6
What is the thousands digit of 2288?
2
What is the tens digit of 33704?
0
What is the tens digit of 6342?
4
What is the units digit of 7191?
1
What is the units digit of 39822?
2
What is the hundreds digit of 38969?
9
What is the hundreds digit of 15850?
8
What is the units digit of 5609?
9
What is the thousands digit of 1202?
1
What is the units digit of 1575?
5
What is the units digit of 25226?
6
What is the hundreds digit of 161?
1
What is the units digit of 8214?
4
What is the ten thousands digit of 163016?
6
What is the units digit of 6653?
3
What is the thousands digit of 30253?
0
What is the units digit of 4567?
7
What is the units digit of 1662?
2
What is the units digit of 7438?
8
What is the tens digit of 461?
6
What is the thousands digit of 3930?
3
What is the thousands digit of 52334?
2
What is the units digit of 2109?
9
What is the thousands digit of 1300?
1
What is the tens digit of 1173?
7
What is the units digit of 829?
9
What is the units digit of 95384?
4
What is the tens digit of 64148?
4
What is the hundreds digit of 1053?
0
What is the hundreds digit of 10992?
9
What is the hundreds digit of 1331?
3
What is the units digit of 7247?
7
What is the hundreds digit of 296?
2
What is the tens digit of 1112?
1
What is the hundreds digit of 535?
5
What is the thousands digit of 19936?
9
What is the thousands digit of 1973?
1
What is the ten thousands digit of 12070?
1
What is the hundreds digit of 16596?
5
What is the units digit of 15506?
6
What is the tens digit of 24149?
4
What is the units digit of 1440?
0
What is the hundreds digit of 152?
1
What is the units digit of 1468?
8
What is the hundreds digit of 810?
8
What is the tens digit of 148?
4
What is the thousands digit of 2461?
2
What is the thousands digit of 2901?
2
What is the hundreds digit of 484?
4
What is the thousands digit of 1787?
1
What is the hundreds digit of 2262?
2
What is the units digit of 2722?
2
What is the tens digit of 875?
7
What is the tens digit of 44743?
4
What is the tens digit of 1592?
9
What is the hundreds digit of 1546?
5
What is the tens digit of 2015?
1
What is the ten thousands digit of 15641?
1
What is the thousands digit of 5580?
5
What is the tens digit of 84719?
1
What is the thousands digit of 5172?
5
What is the units digit of 20290?
0
What is the hundreds digit of 13915?
9
What is the tens digit of 29251?
5
What is the units digit of 778?
8
What is the thousands digit of 22363?
2
What is the ten thousands digit of 134122?
3
What is the hundreds digit of 3308?
3
What is the tens digit of 1028?
2
What is the units digit of 63443?
3
What is the tens digit of 13902?
0
What is the tens digit of 25?
2
What is the thousands digit of 49416?
9
What is the hundreds digit of 71527?
5
What is the tens digit of 713?
1
What is the thousands digit of 120657?
0
What is the tens digit of 90910?
1
What is the units digit of 8494?
4
What is the thousands digit of 2461?
2
What is the tens digit of 1012?
1
What is the tens digit of 404?
0
What is the hundreds digit of 15545?
5
What is the units digit of 4139?
9
What is the hundred thousands digit of 127066?
1
What is the thousands digit of 40899?
0
What is the hundreds digit of 1761?
7
What is the units digit of 95587?
7
What is the thousands digit of 123489?
3
What is the units digit of 4895?
5
What is the hundreds digit of 860?
8
What is the units digit of 464?
4
What is the tens digit of 911?
1
What is the hundreds digit of 2580?
5
What is the hundreds digit of 3124?
1
What is the thousands digit of 1830?
1
What is the units digit of 22894?
4
What is the tens digit of 1387?
8
What is the thousands digit of 1019?
1
What is the units digit of 28675?
5
What is the hundreds digit of 22412?
4
What is the units digit of 2564?
4
What is the tens digit of 4238?
3
What is the units digit of 1878?
8
What is the hundreds digit of 6067?
0
What is the units digit of 2570?
0
What is the tens digit of 35106?
0
What is the hundreds digit of 7525?
5
What is the hundreds digit of 29391?
3
What is the hundreds digit of 10220?
2
What is the hundreds digit of 9264?
2
What is the tens digit of 1281?
8
What is the hundreds digit of 35918?
9
What is the thousands digit of 4043?
4
What is the thousands digit of 1014?
1
What is the tens digit of 11412?
1
What is the units digit of 35928?
8
What